+ (-18 - (-14 - 6)) + 1 + -11?
3
What is the value of 22 - (62 + -43 + 20)?
-17
What is the value of 0 + -3 + 105 + -115?
-13
-14 - -11 - (-11 - -21)
-13
Evaluate -8 - (-9 + 2 - (21 + -29)).
-9
Evaluate -2 - (-3 + (4 - (8 - -6))).
11
What is -10 - (-6 + 0) - -14?
10
4 - (13 + 9 + -60 + 3)
39
Calculate (21 - 0) + 279 + -330.
-30
(21 - 1) + (-3 - -16 - (93 + -80))
20
Calculate -5 + 1 + 12 + 0 + (-230 - -225).
3
What is the value of 14 + (5 - 19) + -4?
-4
(5 - 31 - -17) + 12
3
1 + -4 - (-5 + -6 + 8 + -10)
10
Evaluate (-7 - -9) + (-19 + 7 - -3).
-7
Evaluate (-3 - (2 - 3)) + 16 + 3 + -3.
14
16 + -3 + 11 + -16 + 9
17
-16 - (-8 + -6) - (-12 - (0 - -1))
11
What is the value of 3 - (1 + -10 - (-11 - 15))?
-14
What is the value of -10 + (-9 - -16) + 1?
-2
1 + 5 + (37 - 18 - 19)
6
-223 + 265 + (5 - 33)
14
Calculate (1 - (19 + -5 - 3)) + 8 - -19.
17
Evaluate (-7 - -20 - -3) + -28.
-12
What is the value of -5 + (-6 - (-1 + -4 + 4) - -21)?
11
Calculate (-64 - -64) + 2 + -14 + 15.
3
Evaluate -1 + (-5 + 12 - 6) + -2.
-2
(-1 - (-10 + 11 - (0 + 2))) + -3
-3
Evaluate 15 + (6 - (-17 + 21)).
17
(5 - 6) + -10 - (3 - (-4 + 8))
-10
What is -1 - 5 - (-7 - -13)?
-12
16 - ((-25 - -14) + -2 + 24)
5
Evaluate -18 + -4 + 3 + 19.
0
What is the value of 28 + (-1 - -12) + -4 + -11?
24
What is the value of 15 + -22 - -3 - -10?
6
What is the value of -73 + 92 + (-13 - 1)?
5
What is the value of (-62 - -64) + (-5 - -3)?
0
Evaluate 0 - (-2 + 5) - (2 + (0 - -5)).
-10
Evaluate (-54 + 49 - (2 + -1) - -8) + 0.
2
Evaluate -214 - -217 - (0 - 8).
11
What is the value of (7 - -10 - -6) + 12?
35
What is the value of 10 - (5 - -13 - -1)?
-9
Evaluate (-7 + 12 - -2) + 13 + 8 + -13.
15
Evaluate -3 + 1 + -21 + 14 + 0.
-9
-30 - -6 - (-6 - 6)
-12
Calculate (-10 - 35 - -39) + -27.
-33
Evaluate -4 - (10 + -1 - 19).
6
What is 29 + -25 - (11 - (1 - 1))?
-7
What is the value of -3 + 7 + 0 + -7 - -1?
-2
Calculate 10 - (-27 - -13 - -16).
8
Evaluate 28 + (-1 - -4) + (2 + -8 - 3).
22
Calculate 1 - (-6 - -2) - 13.
-8
What is 40 - 0 - (955 + -923)?
8
Evaluate -4 + -2 + 6 + -12 - -7.
-5
Calculate -14 + (-6 - 2) + 34.
12
Calculate -7 - (-2 - -1 - (13 + -9)).
-2
Calculate 10 + 3 - (-30 - -47).
-4
What is (0 - -10) + (99 + -98 - (-1 - -4))?
8
Evaluate 7 + -7 + (25 - 9) + -9 + 12.
19
11 - (-6 - (20 + -50))
-13
9 - (6 + -4 + 4 + -5 - 3)
11
What is the value of 10 + (5 - -1) + (7 - 16 - -2)?
9
-9 + -4 + (-30 + 15 - -20)
-8
-4 + 0 + 9 + -5 + 7
7
Evaluate -42 + (-23 - -43) + 7.
-15
(-4 - (10 + -7)) + 6 + 2 - -22
23
Evaluate (1 - -5) + -1113 + 1101.
-6
Calculate (12 - 8) + (-11 - (-2 - 5)).
0
Calculate 3 - (2 + (-7 + (4 - 3) - 0)).
7
Calculate 9 + (-37 + 5 - 3) + (3 - -2).
-21
Evaluate 3 - (-4 + 12) - -27.
22
Evaluate -3 + -16 - ((14 - 6) + -14).
-13
Evaluate (32 - (10 - 6)) + -17.
11
Evaluate 34 - 28 - 8 - (2 - -1 - 3).
-2
What is the value of (-6 - -6) + (1 - 12) - (13 - 14)?
-10
Evaluate 6 - (11 + -5) - (0 - (1 + -8)).
-7
What is 0 + 1 - (-7 - (-70 - -22) - 4)?
-36
What is the value of -2 + -1 - (47 - (-2 + 47))?
-5
What is the value of 27 + (-5 - (0 - -2)) - (-12 + 8)?
24
13 - 0 - (39 + -26)
0
What is the value of -1 - (4 + 3) - (38 - 47)?
1
1 + -13 - (-553 - -523)
18
What is the value of -29 - ((-10 - 10) + 3)?
-12
Calculate 2 + 16 + -33 + -1.
-16
(1 + -11 - -6) + 5 + 13 - -4
18
0 - -9 - (25 - 17 - (18 - 6))
13
What is -40 - (-37 - -5 - -15 - 1)?
-22
Evaluate -259 + 260 + -7 + 20.
14
(-4 - -23 - (9 - 13)) + (11 - 5)
29
Evaluate 2 - (-4 + (-5 - -13) + -18 + -3).
19
What is the value of 3 - 21 - -7 - (-8 + -13)?
10
(5 - 4) + ((7 - 11) + -6 - -26)
17
-7 + (-19 - (2 + 0 - (68 - 63)))
-23
(0 - 1) + 12 + 7 + 18 + -40
-4
Calculate 19 + -21 + -5 - (0 + 21).
-28
Evaluate -6 + (22 - (3 + 12)) + (1 - -2).
4
What is the value of (0 - -2) + (22 - 33) + -8?
-17
What is 11 + -13 + 13 - 14?
-3
What is the value of -26 + (12 - -4) + 2 - (6 - 0)?
-14
1 + -5 - (-22 + 3 + 3 - 1)
13
Calculate -19 - -8 - -5 - -6 - -10.
10
Evaluate -27 - (10 + -2 + (90 - 101)).
-24
157 + -165 - (0 + 1 - 0 - 14)
5
What is 4 + -1 + 22 + 22 + -52 - -35?
30
Calculate 10 + 0 + 1 - (0 + (69 - 68)).
10
What is the value of 7 + 0 + 2 + 22 + -20?
11
What is the value of (-25 - -14) + -4 - -2?
-13
Calculate -34 - -16 - (-22 - 9).
13
19 + 1 + (-277 - -267)
10
(1 - -4) + (26 - (-22 - -45))
8
Evaluate 21 + -10 + -2 + (-1 - -6).
14
What is 2 + -3 + 0 + (-2 - (-1 - -8))?
-10
What is (-8 - 1 - (0 + -3)) + (-1 - -1)?
-6
What is -1 + -17 + (7 - -3 - 2)?
-10
Evaluate (18 - 16) + 2 + -42.
-38
Evaluate -16 + (-6 - -5 - (-18 - -7)).
-6
What is the value of -2 + 3 - -1 - (-19 + -2 + 20)?
3
Evaluate (-344 - -339) + 3 + -1 + 15.
12
Calculate (-6 - (-4 + (9 - 0) + -7)) + 14.
10
Evaluate -10 - ((22 - 35) + 4).
-1
Evaluate (2 + 0 + 1 + -15 - -2) + 45.
35
Calculate 1 + (0 - 2) + (-23 - (2 - 30)).
4
What is the value of 5 - (-9 - -28 - 19)?
5
What is (-4 - ((6 - (0 - -5)) + -10)) + -36?
-31
Evaluate 13 - (11 + 0 + -10).
12
Evaluate -24 - (-4 - -1) - -3 - (-167 - -166).
-17
What is (-3 - (-1 + 1)) + (-762 - -754)?
-11
Evaluate -23 + (0 - (-12 + -14)).
3
Evaluate (-2 - 0 - (5 + -17 + 6)) + -14.
-10
Calculate -10 + 4 + 22 + -12 - 4 - 12.
-12
What is -13 - (-4 - 14 - -8) - 4?
-7
What is (-3 - 15) + (-3 - -36)?
15
What is 17 + (6 - (-9 + 13))?
19
What is the value of 24 + -16 - 16 - 6?
-14
What is -15 + -5 + 15 + -3?
-8
1 + (3 - (-6 - -3)) + 3
10
-12 + (81 + -17 - 28)
24
What is the value of -6 - ((-76 - -84) + 0 + -10)?
-4
6 + (29 + -38 - 15)
-18
What is 64 - 65 - (-1 + 0 + -23) - 7?
16
What is 7 + -11 + -2 + 0 + 18?
12
What is the value of (3 - 3) + 15 + -15?
0
Calculate 26 - (-5 + 4) - (84 + -72).
15
Calculate 2 + (-12 + 6 - (-18 + 3)).
11
Evaluate (-1 - -2) + (0 - (1 + -2 - -4)).
-2
1 + 5 - (-300 - -291)
15
What is 1 + (3 - 8) - (4 + 0)?
-8
Calculate (-1 - -5) + -7 + 1 + (-6 - -1).
-7
Calculate 6 + 3 - 0 - (10 - 5).
4
What is (-7 + 0 - 3) + 27 + 9?
26
-3 + -19 + 35 - 10
3
What is 20 + (1 - 42) + 19?
-2
Calculate (-237 - -226) + -3 + -4 + 0.
-18
Evaluate (22 - 16) + 4 + 3 + (20 - 18).
15
-2 - -6 - 15 - 5 - -4
-12
Evaluate (1 + 0 - -9) + (-6 - -21 - 11).
14
What is the value of -3 + 11 + -3 + (6 - -8)?
19
What is the value of 1 + 5 + -14 + 10 - 22?
-20
What is the value of 191 + -188 - (-9 + 1)?
11
(4 - (-2 + -6 + 5)) + -16
-9
What is 10 + 17 + -2 + -5 - 1?
19
Evaluate 0 - (1 + -4 - (-8 - -2)) - -2.
-1
Evaluate 12 + -14 - ((-8 - -6) + -2 + 1).
1
Evaluate 13 + 7 - (3 + 15).
2
Evaluate (-7 - -1) + (-2 - 5 - (70 - 80)).
-3
What is the value of -13 + (-1 - 4) + 19 - (-1 + 14)?
-12
Evaluate 2 - 3 - -8 - 6.
1
What is -19 + (4 - (10 + -19)) + (-2 - 1)?
-9
What is the value of -24 - (-34 - -69 - 93)?
34
Evaluate -6 + 30 + -24 + (-18 - -2) - -8.
-8
Calculate -2 - (-7 + 9 + 10 + -3).
-11
What is 73 - (-45 - -59) - 39?
20
13 + (49 - 33) + 14 + -4
39
Evaluate -2 + 1 + -9 + 2 + -4.
-12
Calculate 3 - (-2 + -10 + (0 - (-2 + -3))).
10
What is the value of (29 - 13 - -15) + -15?
16
What is 1 - (14 - (-13 - -26))?
0
Evaluate -16 + 18 - ((0 - -2) + -2 - -9).
-7
Calculate -2 + 10 + -17 + -6 + 4.
-11
Calculate -5 - (-8 + (7 - -2) - -10).
-16
What is the value of (11 - 14 - -9) + -2?
4
Calculate -3 + (11 + 3 + -32 - -12).
-9
What is 0 + 2 - (66 - 44)?
-20
Calculate (129 - 98) + (-44 - -11).
-2
What is -3 + 12 + -24 + 14 + -4 + 22?
17
Evaluate -50 + (-57 + 25 - -45).
-37
Calculate -23 - (-29 - (-10 - -19)).
15
What is the value of 42 - (34 + -17 + 20)?
5
Evaluate -18 + 1 - (-8 - -3 - 4 - -5).
-13
What is 7 - (3 - (1 + 24))?
29
What is 301 + -321 + (21 - -1)?
2
What is the value of -16 + (-25 - -4) + 31?
-6
Evaluate (3 - (35 - 19)) + -28.
-41
Evaluate -11 - (13 - 25) - 11.
-10
Calculate 8 + -6 + (7 + -1 - -1).
9
What is the value of 1 + 2 + (-3 - (-15 + 12))?
3
What is the value of -30 - -38 - (6 + 3)?
-1
What is (0 + -7 + 13 - 1) + 3?
8
What is -44 - ((13 - 0) + -27) - -15?
-15
What is -41 + (76 - 40) + 9?
4
Calculate -24 + (-28 - -57 - -4).
9
What is the value of 4 - (14 + -7 - -4)?
-7
What is the value of 12 - 1 - (0 - 1)?
12
Calculate -1 - (-11 + (2 - -5 - 2)).
5
(-502 - -503) + 8 + 1
10
Evaluate (25 + -11 - 12) + -7.
-5
What is -9 + (10 - (8 + -3 + 4)) + -4?
-12
What is the value of (696 - 695) + 0 + -16?
-15
12 + (21 - 11 - 12)
10
Evaluate 76 + -166 + 75 + -1 + -4.
-20
Evaluate -11 + -1 + (119 - 